 0?
5
Evaluate 2 + 6 - (4 - 1).
5
Calculate -5 - -4 - (-1 + 1 - -1).
-2
Evaluate (3 - 7 - -3) + 4.
3
What is 4 + -15 + -2 + 10?
-3
5 + 2 + 0 + (-14 - -9)
2
-2 - ((1 - 10) + 4)
3
(-3 - (2 - 18)) + -18
-5
Calculate (-1 + 2 - -3) + -4.
0
Evaluate -3 + (-3 + 9 - 3) + 3.
3
What is -4 - (-2 - (0 + -2 - -1))?
-3
0 - 0 - -1 - 5
-4
Calculate (1 - 0) + 0 - (209 - 213).
5
Evaluate (3 - 0) + (-17 - -10).
-4
What is (4 - 5) + -2 + 7 + -4?
0
Calculate 4 - (4 + (-1 - -1)).
0
What is the value of 1 + 3 + (-1 - 4)?
-1
(0 - 0 - (11 - 13)) + 0
2
What is -12 - ((-5 - 2) + -7)?
2
(-3 - -4 - -1) + (3 - 1)
4
What is the value of (2 - (6 - 7)) + -4?
-1
Calculate -12 + 14 + -2 - (-5 - 0).
5
What is the value of (2 - 7) + 9 + -19 + 9?
-6
-13 + 29 + 1 + -14
3
Calculate 1 + (12 + -11 - -1).
3
Calculate -3 - (-3 - 1) - -1.
2
Evaluate (-3 - -1) + -3 + 7 + -2.
0
What is (3 - (-2 + 1)) + (-1 - -2)?
5
What is the value of -6 + (-1 + 8 - (13 - 19))?
7
What is the value of 4 + 7 + -5 + 0 - 7?
-1
What is 3 + (3 - 3) + -3?
0
What is the value of (1 - (5 - 2)) + 0?
-2
Evaluate 26 + -20 + (1 - 1 - 3).
3
Calculate 0 - -8 - (104 + -96).
0
What is 13 + -5 + (-5 - -1)?
4
What is the value of -18 - -17 - (1 + 2)?
-4
What is 0 - (7 + -11 + 5)?
-1
What is -7 + -1 - (12 + (5 - 17))?
-8
-3 + 2 + -5 - (-4 + 0)
-2
What is (1 - 2 - -1) + (108 - 112)?
-4
Evaluate -2 + 14 + -10 + -7.
-5
Calculate 2 + -13 + 5 + -1.
-7
What is the value of (23 - 24) + 3 + (1 - 1)?
2
What is 9 - 6 - 2 - 1?
0
What is the value of 12 + (-26 - (-18 + 7))?
-3
What is (-3 - -1) + (-4 - -2)?
-4
Calculate 1 + (-40 + 35 - (-2 + 1)).
-3
(-13 - -4 - -4) + 13 - 5
3
Calculate 0 - ((5 - 3) + -2).
0
Evaluate (-2 - (4 + 1)) + 2.
-5
Calculate -2 - 5 - ((-17 - -16) + 2).
-8
0 + (-4 - (-1 - (8 + -4)))
1
Evaluate -3 + (-6 + -2 + 4 - -8).
1
Evaluate -15 - (3 - (-4 + 12)).
-10
What is the value of 4 - (1 - (5 - 5))?
3
What is the value of (3 - (5 - -3)) + 7 - 1?
1
What is the value of -10 - -9 - (-5 + 2 - -9)?
-7
5 + -11 + -3 + 17
8
What is the value of (0 - 14) + 7 + 1?
-6
(5 + -3 - -2) + 1
5
-15 + 13 - (1 - 3)
0
-2 + -1 + 4 - (-1 + -1)
3
What is (-19 - -5) + 12 - (-1 - 6)?
5
What is -5 + 9 + -1 - (-1 + 7)?
-3
Evaluate -56 - -52 - (2 + 0).
-6
Evaluate 3 + -6 + -5 - (30 - 31).
-7
Calculate -1 + -1 + (0 - -2) + -3.
-3
Evaluate 2 + 1 + -10 + 0 + 11.
4
Calculate -4 - (2 - (-3 - -4)).
-5
What is 8 + (-16 - (-7 - -3 - 3))?
-1
5 - (7 - 2 - (-10 + 6))
-4
Calculate 1 - (-3 + 7) - -6.
3
What is (-3 - -4) + (-7 - -4)?
-2
What is 2 + (1 - -3) + 0 + -3?
3
Evaluate (-3 - 1) + (5 - (-4 + -1)).
6
What is the value of -1 + 3 + -2 + -10 + 7?
-3
-4 + 4 + (1 - -3) + -4
0
Calculate -3 + -5 + 9 - 1.
0
What is the value of (-1 - -5) + 0 + -10?
-6
What is 4 - (10 - 0 - (-13 - -15))?
-4
12 - (-2 + 7 - (-39 - -38))
6
What is the value of 0 + -3 + 4 + -6 + 5?
0
What is 10 - 9 - (4 - 0)?
-3
Calculate 5 + (-5 - -3) + -5.
-2
Evaluate (-13 - -11) + -1 + 5 + 1.
3
(-7 - (12 + -9)) + 0
-10
Evaluate -7 + (-3 - -19) + -3.
6
Calculate -4 + 2 + 13 + -11.
0
What is the value of (-9 - 1) + -59 + 71?
2
Calculate (-2 - -6) + (-1 - 11) + 6.
-2
What is -71 + 72 + (1 - 2)?
0
What is the value of -2 + 6 - 2 - (92 - 97)?
7
Calculate -4 + 6 + -4 + 3.
1
What is -2 + (4 - -4) + -1?
5
What is (4 - (-1 + 0)) + (-17 - -15)?
3
Evaluate -1 - 1 - 1 - (9 + -10).
-2
What is 3 - 1 - 5 - -8?
5
What is the value of 8 + 2 + -1 + -4?
5
What is 0 - (4 + (3 - 4) + -8)?
5
What is the value of (-4 - -5 - (-4 - 0)) + -1?
4
What is 8 + (-1 - 0 - 6) - 8?
-7
(41 - 46) + -3 + 1 + 14
7
-5 + 0 + 1 - (-42 + 42)
-4
3 + -7 + (5 - -4)
5
What is the value of (-12 - -3) + 2 + 3?
-4
What is 4 - ((-7 - -19) + -3)?
-5
What is the value of (-4 - 5) + 4 - (-1 - 2)?
-2
Evaluate (41 - 38) + (-2 - (-2 - 2)).
5
Calculate -106 + 100 - (1 - 2 - 11).
6
2 + -2 + 8 + -9
-1
Evaluate -4 - (5 - 6) - (9 - 7).
-5
(6 - -1) + 0 - (7 - 3)
3
Calculate 3 + -12 - (-47 + 32).
6
-1 + 8 + -17 - (-3 + -1)
-6
What is the value of (4 - 0) + (-17 - -14)?
1
What is 6 + 0 + (6 - 3) + -1?
8
What is 12 - 14 - -16 - 4?
10
Calculate 6 - (8 - (-7 - -9)).
0
What is (-1 - 7) + (-4 - -3 - -6)?
-3
Calculate (-5 - -9) + -3 + 0.
1
What is the value of 6 - (7 + (2 - -2))?
-5
8 + -9 - (-2 - 2)
3
Calculate -14 + (22 - 4) + (1 - 0).
5
What is the value of 6 + (-10 - 3) + 8?
1
Calculate 1 + -1 - (-17 + 26 + -15).
6
Evaluate -3 + 0 + -62 + 64.
-1
Evaluate (-9 - -13) + (-8 - -11).
7
What is the value of (0 - (8 + 3)) + 4?
-7
(1 - 0) + -4 + -4 + 4
-3
Calculate -2 + -5 + 5 - 1.
-3
3 + -7 - -3 - (-6 - -1)
4
Calculate 3 + 1 - (4 - 0) - -5.
5
(-1 - -9) + 3 + (-7 - -3)
7
What is 0 + -1 + (-12 - (-14 + 0))?
1
What is the value of 6 + (7 - (18 - 3))?
-2
-4 + (5 - 1) + 4
4
(17 - 13) + -4 + -1 - 0
-1
Evaluate 0 + -1 - (-2 - -7 - 8).
2
1 - ((1 - 1) + -1 - 1)
3
Calculate (1 - -5) + (-15 + 30 - 20).
1
5 - (13 - (-4 - -7))
-5
Calculate 5 + (6 - (3 - 4)) + -9.
3
What is (1 - (-2 - -6) - 1) + 6?
2
What is the value of ((-4 - -2) + -2 - -5) + -1?
0
Calculate -5 - (-10 + 9) - -7.
3
What is -5 - (-4 + (5 - 2) - 2)?
-2
(6 - 13) + 1 + -1
-7
What is the value of 3 + -8 - 4 - -7?
-2
What is the value of 0 + 1 + 2 + 0 - 1?
2
Evaluate 4 - (0 + 2 + -6 + 9).
-1
What is the value of -96 - -104 - (1 - -10)?
-3
What is the value of -2 + (1 - (-4 - -5))?
-2
What is (-6 - (1 - 4)) + 3?
0
What is 1 - (-9 - (0 + -5))?
5
What is 6 - 6 - (5 - 7)?
2
What is the value of 0 + (-5 + -1 - -3)?
-3
Evaluate 2 + -3 - (3 + -2 + 1).
-3
What is the value of -2 + 2 + -3 + 1?
-2
Calculate -1 + (3 - 3) + -1.
-2
Evaluate 0 + (2 - (7 - 9)).
4
What is -2 - -14 - (55 + -35)?
-8
-1 - -12 - (40 + -27)
-2
What is (5 - 5) + -19 + 24?
5
What is the value of -8 + 2 + (-1 - -4) + 4?
1
What is the value of 0 - (2 + -4 + -2)?
4
Calculate -4 - 0 - 3 - (6 + -11).
-2
Calculate 1 - ((-1 - (2 - -1)) + 5).
0
Evaluate (-8 - -3 - 3) + 3.
-5
Evaluate (4 - (-7 + 11)) + (3 - -1).
4
Calculate -3 - (-9 + 5 + 2).
-1
Calculate -4 - -1 - (1 + -1).
-3
Calculate 10 + -2 + -16 - (-2 - -2).
-8
What is the value of 13 - (0 + 10) - (3 - -1)?
-1
Calculate 17 + -3 + -3 + -18.
-7
Evaluate 0 - (1 + 1 - 6).
4
Calculate (1 - -3) + (-7 - (-19 + 12)).
4
Calculate -1 - 3 - (1 - 5).
0
What is (2 + -1 - -1) + -127 + 131?
6
What is 8 - -3 - (-3 - (3 + -12))?
5
Evaluate 2 + -7 + (10 - 7) - -10.
8
Evaluate (-22 - -26) + 3 + -3 + 2.
6
Evaluate (-15 + 6 - -3) + 0 + 15.
9
What is 0 + -2 - (9 - 7 - 0)?
-4
Calculate 4 - 2 - (0 + 3 + 2).
-3
Evaluate (23 - 29) + (0 + -2 - -3).
-5
What is the value of 1 + -3 + (3 + -5 - -1)?
-3
Evaluate 9 + (6 - (18 - (5 - -2))).
4
What is -4 + (7 - (-2 - -2))?
3
What is the value of -78 + 73 + (4 - -1) + -1?
-1
Calculate -1 + 3 - (-2 + 4).
0
What is the value of 5 - 3 - (11 - (7 - -2))?
0
Evaluate 8 + 2 + (-7 - (3 + -6)).
6
Evaluate 0 + 0 + 4 + -8.
-4
What is the value of -3 - (-12 - (4 - 9))?
4
What is the value of 3 + -3 + 4 + -1?
3
Evaluate (-3 - -4) + (0 + 4 - 2).
3
Evaluate 1 + 2 - (1 + 4 + -1).
-1
Calculate 9 - (23 + (12 - 18)).
-8
Calculate (9 - 14) + (-2 - -2) + -5.
-10
-9 + -7 + 14 + -4
-6
(-3 + 7 - 4) + 2
2
What is -4 + -5 + 7 + -2?
-4
(15 - 18) + (6 - -1)
4
Evaluate -43 - -36 - (0 - 12).
5
Evaluate 4 - (-8 - -17 - 6).
1
Evaluate -5 - (-5 - (-5 + 7) - -5).
-3
Evaluate -6 + (5 + -7 - -4).
-4
What is the value of -1 + (2 - 0) + -75 + 74?
0
What is the value of -7 - (-7 - -4) - -9?
5
What is the value of 7 + -8 + 0 + 1 + -2?
-2
What is the value of -1 + -2 + (0 - (-1 + 6))?
-8
-9 - 0 - (70 + -81)
2
What is the value of 5 + (-1 - -3) - (1 + 3)?
3
4 + (1 - (4 + 0)) + -1
0
What is 2 + -7 + 0 + (-1 - -2)?
-4
Calculate -5 + (7 - (5 + -7)) + 0.
4
Evaluate 2 + (-3 - 4) - (4 - 14).
5
-5 + 10 + 7 + -8 + -8
-4
(0 - (-1 + 4)) + (5 - -3)
5
Evaluate (-8 - 2) + -1 + -2 + 4.
-9
What is the value of (0 - -3) + 6 + -10 - 1?
-2
Calculate -7 + (8 - 2) - 6.
-7
What is 34 + -32 + (2 - 0 - -1)?
5
Calculate -1 - ((-12 - 3) + 11).
3
What is the value of 37 - 34 - (-1 + -2)?
6
Calculate (-208 - -221) + (1 - 9).
5
What is 1 + -7 + -9 + 8?
-7
Evaluate -2 - 3 - -3 - (17 + -12).
-7
Evaluate -1 + (2 - 4 - -3).
0
Calculate (3 + 8 - 3) + -3 + 0.
5
What is the value of -12 - 1 - (-127 - -123)?
-9
Calculate 8 + (0 - 10) + -1.
-3
What is -6 - (5 - (7 + (-4 - 1)))?
-9
What is -1 + 5 - (-3 - -4)?
3
What is 12 - ((7 - 3) + (-7 - -7))?
8
What is -3 + -1 - (-1 +